hen 20 is divided by m(d).
9
Let s(w) = w**3 - 6*w**2 + 5*w + 11. Calculate the remainder when s(5) is divided by 3.
2
Suppose -2*i - 21 = -i. Let r = i + 52. What is the remainder when r is divided by 11?
9
Let x = 8 - 4. Let k be (6 - 2 - 1) + 1. Suppose p = -k*r + 143, -x*p = -2*r - 3*p + 79. Calculate the remainder when r is divided by 19.
18
Let a = 3 + -3. Suppose a*c + 3*c - 6 = 0. Suppose -4*z + 20 = -c*z. Calculate the remainder when z is divided by 6.
4
Suppose 5*j + 12 = 57. Calculate the remainder when 14 is divided by j.
5
Let i = -6 - -11. Suppose -4 = -2*c - 2*o + 3*o, 2*c - 20 = i*o. Suppose j = 4*q - 19, c = -2*q - j + 12 + 5. What is the remainder when 11 is divided by q?
5
Let z = 8 + 4. Calculate the remainder when z is divided by (5/10)/((-1)/(-10)).
2
Let y = 10 - 14. Let x = y - -160. Suppose -4*h + x + 32 = 0. What is the remainder when h is divided by 16?
15
Let n(b) = b + 24. Let i = 17 + -6. What is the remainder when i is divided by n(-17)?
4
Suppose -3*x - 2*x - 275 = 0. Let c = x - -93. What is the remainder when c is divided by 13?
12
Suppose 2*o - f = -o + 32, -4*f = o - 2. Suppose -5*d - 105 = -250. What is the remainder when d is divided by o?
9
Suppose 71 = b + 4*m, 0*b - 5*m - 221 = -4*b. What is the remainder when b is divided by 20?
19
Let r(l) = -l + 43. Calculate the remainder when 113 is divided by r(4).
35
Suppose 0 = -d - 3*u + 18, 4*d = 3*u - u + 30. Calculate the remainder when 33 is divided by d.
6
Let o be 3*-1*6/(-9). Suppose o*z - 3*z + 3 = 0. Suppose 0*m + z*i + 84 = 3*m, i = 3*m - 92. Calculate the remainder when m is divided by 11.
10
Let z = -6 - -5. Calculate the remainder when 32 is divided by z/((-6)/51)*2.
15
Let g be (4/2 + 24)/2. Suppose -g = 3*i - 79. Let q(h) = h**2 + h + 2. Calculate the remainder when i is divided by q(-3).
6
Let p(d) = -3*d - 10. Let z be p(7). Let h = 43 + z. What is the remainder when 46 is divided by h?
10
Let z(n) = n + 11. Let a be z(7). Let m = a - -7. Calculate the remainder when m is divided by -1 + 14/(-2)*-2.
12
Let b(h) = -2*h - 9. What is the remainder when 10 is divided by b(-6)?
1
Suppose 0 = -5*o + 25, -3*o = -5*g - 4*o + 75. What is the remainder when 40 is divided by g?
12
Suppose -5*w = 2 - 12. Suppose 0 = -4*u + 4, -w*u + 53 = 2*j + u. What is the remainder when j is divided by 7?
4
Suppose -16*f + 793 = -3*f. What is the remainder when f is divided by ((-2)/2)/((-2)/32)?
13
Suppose -i - 2*i = l + 17, 5*i + 4*l = -26. Let w = i + 10. Let o(c) = -6*c**3 - 2*c - 2. What is the remainder when o(-1) is divided by w?
2
Let c(r) = -r. Let g be (-7)/(-6) - (-5)/(-30). Let o = 14 - g. What is the remainder when o is divided by c(-5)?
3
Let a = -28 - -42. Let r(f) = 2*f**2 - 3*f + 6. Calculate the remainder when r(4) is divided by a.
12
Calculate the remainder when 119 is divided by (-1)/(0 - (-1)/(-24)).
23
Let p(b) = -b**3 - 9*b**2 - 12*b - 14. Let i(t) = -5*t**3 - 36*t**2 - 47*t - 57. Let l(n) = -2*i(n) + 9*p(n). What is the remainder when l(11) is divided by 26?
24
Let m = -15 - -29. Let d be 1/(6/(-8) - -1). Let x = 45 - d. What is the remainder when x is divided by m?
13
Suppose p - 11 = u, -p + 19 = -0*p + 3*u. Calculate the remainder when 38 is divided by p.
12
Let n = 214 - 322. Let l = -52 - n. Calculate the remainder when l is divided by 19.
18
Let k(w) = -22*w - 13. Calculate the remainder when k(-5) is divided by 33.
31
Suppose 4*h - 52 = -0*h. Calculate the remainder when 46 + 2 + (-2)/(-2) is divided by h.
10
Let d = 69 - 48. Calculate the remainder when 41 is divided by d.
20
Suppose 88 = 8*i - 432. Calculate the remainder when i is divided by 22.
21
Suppose -30 = -n - 25. Calculate the remainder when 14 is divided by n.
4
Let q(f) = f**3 + 10*f**2 + 19*f - 7. Calculate the remainder when q(-6) is divided by 13.
10
Let f = 14 - -11. What is the remainder when f is divided by 7?
4
Let t = 6 + -4. What is the remainder when 16 - ((-4)/t)/1 is divided by 7?
4
Let y(r) = -r + 41. What is the remainder when y(18) is divided by 3?
2
Suppose 5*z = 4*z + 4*k, k - 21 = -5*z. What is the remainder when 6 is divided by z?
2
Suppose -6*z + 21 = -3*z. Calculate the remainder when 11 is divided by z.
4
Let k = 37 + -73. Let y = 17 - k. What is the remainder when y is divided by ((-704)/(-20))/2 - (-32)/80?
17
Let a = -3 + 14. Let c = 0 - -1. What is the remainder when a is divided by c/(-2) + (-39)/(-6)?
5
Let x = 4 - -15. Let g(t) = -t**3 - t**2 - 2*t - 1. Calculate the remainder when g(-4) is divided by x.
17
Let z = 8 + 6. Calculate the remainder when 81 is divided by z.
11
Suppose -3*p + p = -w - 88, 2*p - 2*w = 86. What is the remainder when p is divided by 17?
11
Let j(p) = 2*p**2 + p + 9. Calculate the remainder when 110 is divided by j(-4).
36
Let o(x) = 2*x**3 - 12*x**2 - 5*x - 6. Calculate the remainder when o(7) is divided by 22.
13
Suppose 0 = 2*u + 4*x - 22 + 8, 0 = x - 2. Suppose -u*f + 72 = 3*f. Calculate the remainder when 46 is divided by f.
10
Let l = 6 + 12. What is the remainder when l is divided by (-6 + 11)*((-6)/3)/(-2)?
3
Suppose 0 = -w - 2*p + 31, -2*p - 66 - 8 = -4*w. What is the remainder when 40 is divided by w?
19
Let a(m) = 2*m**2 + 4*m + 3. What is the remainder when 15 is divided by a(-3)?
6
Let a = -10 - 3. Let n = a + 18. Suppose 2*m - 32 = -4*g, -2*g + 0*m = 5*m - 8. Calculate the remainder when g is divided by n.
4
What is the remainder when 1/1 - (-1 + -42) is divided by 23?
21
Calculate the remainder when 14*(-25)/(-10) + 4 is divided by 14.
11
Let d be (-1)/(-3) - 2/(-3). Let g(v) = 8*v**3 + 2*v**2 - 2*v + 1. What is the remainder when d*2*(-17)/(-2) is divided by g(1)?
8
Suppose 0 = -2*j + 1 + 3, -3*b = -3*j. Suppose -4*u + 88 = 4*s, b*s - 41 = -u - 0*u. Suppose 0 = 5*h - 11 - s. What is the remainder when 22 is divided by h?
4
Suppose -4*d = -4*f - 134 + 2, 48 = d - 4*f. Calculate the remainder when d is divided by 11.
6
Suppose 3*m + 2*m = 2*i + 28, 0 = 3*m + 3*i. What is the remainder when 9 is divided by m?
1
Let x(n) = -n**3 + n**2 - n. Let j(l) = 3*l**3 + 3*l**2 - l + 5. Let b(o) = j(o) + 4*x(o). What is the remainder when 42 is divided by b(6)?
9
Suppose -b + l - 71 = -3*b, 127 = 4*b + 5*l. Calculate the remainder when b is divided by 23.
15
Let w = 4 + -3. Let q = w - -11. What is the remainder when 35 is divided by q?
11
Suppose 3*w - 3*t + 5 = 5*w, -w = -2*t + 15. Calculate the remainder when 13 is divided by 16/(-20)*(w - 0).
1
Let x(z) = -3*z**3 - 2*z**2 + 1. Let r = 139 - 138. Calculate the remainder when x(-1) is divided by r.
0
Suppose 0 = -g + 5*s + 16, -3*g = -2*g - 3*s - 16. What is the remainder when 45 is divided by g?
13
Suppose -3*n + 5*m + 13 = -4*n, -5*m = -5*n + 85. What is the remainder when n is divided by 5?
2
Let f = 1 - 2. Let j be (-1 - (1 - 0))*f. Let t = j + 1. What is the remainder when 6 is divided by t?
0
Let u(c) = c**3 + 11*c**2 - 13*c - 2. What is the remainder when 17 is divided by u(-12)?
7
What is the remainder when 30 is divided by 12*((-4)/(-3) + 0/2)?
14
Let r = -11 + 7. Let o be 1/(-2)*(-142 + r). Let k = o - 38. What is the remainder when k is divided by 12?
11
Let x = 18 + -9. Suppose -68 = -2*n + z, -2*n + z + 70 = -z. What is the remainder when n is divided by x?
6
Let k(s) = -4*s - 13. What is the remainder when k(-8) is divided by (-2)/9 + (-195)/(-27)?
5
Suppose 0 = -0*s - 5*s + 15. Let t = s + -4. Let k = 10 - t. Calculate the remainder when 21 is divided by k.
10
Suppose 0*w - w + 2 = 0. Suppose -j = 3*x - 14, -5*x + 3 - 9 = -2*j. What is the remainder when 0 + -1 + w*8 is divided by j?
7
Let s = 36 + -20. Calculate the remainder when 63 is divided by s.
15
What is the remainder when 20 is divided by 3/18 - (-245)/42?
2
Suppose -2*q = -125 + 25. What is the remainder when q is divided by (2 + 0)/(4/34)?
16
Let p(y) = -y + 10. Let n be p(5). Suppose 0 - 5 = -n*q. What is the remainder when 1 is divided by q?
0
Suppose -3*c - 136 = m, -3*c + m = -c + 94. Let j = -27 - c. Calculate the remainder when 2/(-3) + 880/24 is divided by j.
17
Let b(s) = -s**2 - 5*s + 3. Let m be b(-5). Let c = m + 31. What is the remainder when c is divided by (-7 - (-2)/2)*-2?
10
Let q(n) = n**3 - 7*n**2 + 7*n - 1. Let c(h) = -h**3 + 7*h**2 - 8*h + 2. Let i(w) = -3*c(w) - 4*q(w).